{"id":688,"date":"2024-09-26T21:23:45","date_gmt":"2024-09-26T21:23:45","guid":{"rendered":"https:\/\/intersold.fr\/?page_id=688"},"modified":"2026-04-13T09:27:54","modified_gmt":"2026-04-13T09:27:54","slug":"intersod-3-2-3","status":"publish","type":"page","link":"https:\/\/intersold.fr\/?page_id=688","title":{"rendered":"Blog"},"content":{"rendered":"\t\t<div data-elementor-type=\"wp-page\" data-elementor-id=\"688\" class=\"elementor elementor-688\">\n\t\t\t\t<div class=\"elementor-element elementor-element-ccdac34 e-con-full e-flex e-con e-parent\" data-id=\"ccdac34\" data-element_type=\"container\" data-e-type=\"container\" data-settings=\"{&quot;background_background&quot;:&quot;classic&quot;}\">\n\t\t<div class=\"elementor-element elementor-element-6fad729 e-con-full e-flex e-con e-child\" data-id=\"6fad729\" data-element_type=\"container\" data-e-type=\"container\">\n\t\t\t\t<div class=\"elementor-element elementor-element-8678a04 elementor-widget elementor-widget-heading\" data-id=\"8678a04\" data-element_type=\"widget\" data-e-type=\"widget\" data-widget_type=\"heading.default\">\n\t\t\t\t<div class=\"elementor-widget-container\">\n\t\t\t\t\t<h1 class=\"elementor-heading-title elementor-size-default\">Blog et actualit\u00e9<\/h1>\t\t\t\t<\/div>\n\t\t\t\t<\/div>\n\t\t\t\t<div class=\"elementor-element elementor-element-fd94de2 elementor-widget elementor-widget-text-editor\" data-id=\"fd94de2\" data-element_type=\"widget\" data-e-type=\"widget\" data-widget_type=\"text-editor.default\">\n\t\t\t\t<div class=\"elementor-widget-container\">\n\t\t\t\t\t\t\t\t\tD\u00e9couvrez Intersod, expert en importation et distribution de produits pour l&#8217;\u00e9quipement de la maison et de la personne. Sp\u00e9cialiste du permanent et du d\u00e9stockage depuis plus de 20 ans, au service de vos besoins\t\t\t\t\t\t\t\t<\/div>\n\t\t\t\t<\/div>\n\t\t\t\t<\/div>\n\t\t\t\t<\/div>\n\t\t<div class=\"elementor-element elementor-element-2b573e0 e-flex e-con-boxed e-con e-parent\" data-id=\"2b573e0\" data-element_type=\"container\" data-e-type=\"container\">\n\t\t\t\t\t<div class=\"e-con-inner\">\n\t\t\t\t<div class=\"elementor-element elementor-element-1c55dc0 elementor-widget elementor-widget-hfe-basic-posts\" data-id=\"1c55dc0\" data-element_type=\"widget\" data-e-type=\"widget\" data-widget_type=\"hfe-basic-posts.default\">\n\t\t\t\t<div class=\"elementor-widget-container\">\n\t\t\t\t\t\n<div class=\"hfe-posts-grid\">\n\t\t\t<article class=\"hfe-post-card\">\n\t\t\t\t\t\t\t<div class=\"hfe-post-image\">\n\t\t\t\t\t<a href=\"https:\/\/intersold.fr\/?p=879\" rel=\"bookmark\">\n\t\t\t\t\t\t<img loading=\"lazy\" decoding=\"async\" width=\"150\" height=\"150\" src=\"https:\/\/intersold.fr\/wp-content\/uploads\/2024\/09\/Intersod-8-1-150x150.png\" class=\"attachment-thumbnail size-thumbnail wp-post-image\" alt=\"Import Export D\u00e9stockage : Comment Trouver les Meilleures Affaires en Gros en France en 2026\" loading=\"lazy\" srcset=\"https:\/\/intersold.fr\/wp-content\/uploads\/2024\/09\/Intersod-8-1-150x150.png 150w, https:\/\/intersold.fr\/wp-content\/uploads\/2024\/09\/Intersod-8-1-300x300.png 300w, https:\/\/intersold.fr\/wp-content\/uploads\/2024\/09\/Intersod-8-1-768x768.png 768w, https:\/\/intersold.fr\/wp-content\/uploads\/2024\/09\/Intersod-8-1.png 1000w\" sizes=\"(max-width: 150px) 100vw, 150px\" \/>\t\t\t\t\t<\/a>\n\t\t\t\t<\/div>\n\t\t\t\n\t\t\t<div class=\"hfe-post-content\">\n\t\t\t\t\t\t\t\t\t<h2 class=\"hfe-post-title\">\n\t\t\t\t\t\t<a href=\"https:\/\/intersold.fr\/?p=879\" rel=\"bookmark\">\n\t\t\t\t\t\t\tImport Export D\u00e9stockage : Comment Trouver les Meilleures Affaires en Gros en France en 2026\t\t\t\t\t\t<\/a>\n\t\t\t\t\t<\/h2>\n\t\t\t\t\n\t\t\t\t\n\t\t\t\t\n\t\t\t\t\t\t\t<\/div>\n\t\t<\/article>\n\t\t\t\t<article class=\"hfe-post-card\">\n\t\t\t\t\t\t\t<div class=\"hfe-post-image\">\n\t\t\t\t\t<a href=\"https:\/\/intersold.fr\/?p=811\" rel=\"bookmark\">\n\t\t\t\t\t\t<img loading=\"lazy\" decoding=\"async\" width=\"150\" height=\"150\" src=\"https:\/\/intersold.fr\/wp-content\/uploads\/2025\/02\/Agence-Pulse-Creative-Team-150x150.png\" class=\"attachment-thumbnail size-thumbnail wp-post-image\" alt=\"Gestion du temps au travail\" loading=\"lazy\" \/>\t\t\t\t\t<\/a>\n\t\t\t\t<\/div>\n\t\t\t\n\t\t\t<div class=\"hfe-post-content\">\n\t\t\t\t\t\t\t\t\t<h2 class=\"hfe-post-title\">\n\t\t\t\t\t\t<a href=\"https:\/\/intersold.fr\/?p=811\" rel=\"bookmark\">\n\t\t\t\t\t\t\tGestion du temps au travail\t\t\t\t\t\t<\/a>\n\t\t\t\t\t<\/h2>\n\t\t\t\t\n\t\t\t\t\n\t\t\t\t\n\t\t\t\t\t\t\t<\/div>\n\t\t<\/article>\n\t\t\t\t<article class=\"hfe-post-card\">\n\t\t\t\t\t\t\t<div class=\"hfe-post-image\">\n\t\t\t\t\t<a href=\"https:\/\/intersold.fr\/?p=803\" rel=\"bookmark\">\n\t\t\t\t\t\t<img loading=\"lazy\" decoding=\"async\" width=\"150\" height=\"150\" src=\"https:\/\/intersold.fr\/wp-content\/uploads\/2024\/09\/jeremylib_highlight_a_cardboard_box_that_stands_out_in_a_wareho_31f1fc7c-57c9-433c-9821-0dc7704953e7-150x150.png\" class=\"attachment-thumbnail size-thumbnail wp-post-image\" alt=\"L&#8217;Import-Export \u00c9co-Responsable\" loading=\"lazy\" srcset=\"https:\/\/intersold.fr\/wp-content\/uploads\/2024\/09\/jeremylib_highlight_a_cardboard_box_that_stands_out_in_a_wareho_31f1fc7c-57c9-433c-9821-0dc7704953e7-150x150.png 150w, https:\/\/intersold.fr\/wp-content\/uploads\/2024\/09\/jeremylib_highlight_a_cardboard_box_that_stands_out_in_a_wareho_31f1fc7c-57c9-433c-9821-0dc7704953e7-300x300.png 300w, https:\/\/intersold.fr\/wp-content\/uploads\/2024\/09\/jeremylib_highlight_a_cardboard_box_that_stands_out_in_a_wareho_31f1fc7c-57c9-433c-9821-0dc7704953e7-768x768.png 768w, https:\/\/intersold.fr\/wp-content\/uploads\/2024\/09\/jeremylib_highlight_a_cardboard_box_that_stands_out_in_a_wareho_31f1fc7c-57c9-433c-9821-0dc7704953e7.png 1024w\" sizes=\"(max-width: 150px) 100vw, 150px\" \/>\t\t\t\t\t<\/a>\n\t\t\t\t<\/div>\n\t\t\t\n\t\t\t<div class=\"hfe-post-content\">\n\t\t\t\t\t\t\t\t\t<h2 class=\"hfe-post-title\">\n\t\t\t\t\t\t<a href=\"https:\/\/intersold.fr\/?p=803\" rel=\"bookmark\">\n\t\t\t\t\t\t\tL&#8217;Import-Export \u00c9co-Responsable\t\t\t\t\t\t<\/a>\n\t\t\t\t\t<\/h2>\n\t\t\t\t\n\t\t\t\t\n\t\t\t\t\n\t\t\t\t\t\t\t<\/div>\n\t\t<\/article>\n\t\t\t\t<article class=\"hfe-post-card\">\n\t\t\t\t\t\t\t<div class=\"hfe-post-image\">\n\t\t\t\t\t<a href=\"https:\/\/intersold.fr\/?p=796\" rel=\"bookmark\">\n\t\t\t\t\t\t<img loading=\"lazy\" decoding=\"async\" width=\"150\" height=\"150\" src=\"https:\/\/intersold.fr\/wp-content\/uploads\/2024\/10\/jeremylib_a_teem_used_crm_-v_6.1_f755d9e0-aa3d-4249-b196-a4d8a051db9d-150x150.png\" class=\"attachment-thumbnail size-thumbnail wp-post-image\" alt=\"L&#8217;importance d&#8217;utiliser un CRM pour une entreprise d&#8217;import-export\" loading=\"lazy\" srcset=\"https:\/\/intersold.fr\/wp-content\/uploads\/2024\/10\/jeremylib_a_teem_used_crm_-v_6.1_f755d9e0-aa3d-4249-b196-a4d8a051db9d-150x150.png 150w, https:\/\/intersold.fr\/wp-content\/uploads\/2024\/10\/jeremylib_a_teem_used_crm_-v_6.1_f755d9e0-aa3d-4249-b196-a4d8a051db9d-300x300.png 300w, https:\/\/intersold.fr\/wp-content\/uploads\/2024\/10\/jeremylib_a_teem_used_crm_-v_6.1_f755d9e0-aa3d-4249-b196-a4d8a051db9d-768x768.png 768w, https:\/\/intersold.fr\/wp-content\/uploads\/2024\/10\/jeremylib_a_teem_used_crm_-v_6.1_f755d9e0-aa3d-4249-b196-a4d8a051db9d.png 1024w\" sizes=\"(max-width: 150px) 100vw, 150px\" \/>\t\t\t\t\t<\/a>\n\t\t\t\t<\/div>\n\t\t\t\n\t\t\t<div class=\"hfe-post-content\">\n\t\t\t\t\t\t\t\t\t<h2 class=\"hfe-post-title\">\n\t\t\t\t\t\t<a href=\"https:\/\/intersold.fr\/?p=796\" rel=\"bookmark\">\n\t\t\t\t\t\t\tL&#8217;importance d&#8217;utiliser un CRM pour une entreprise d&#8217;import-export\t\t\t\t\t\t<\/a>\n\t\t\t\t\t<\/h2>\n\t\t\t\t\n\t\t\t\t\n\t\t\t\t\n\t\t\t\t\t\t\t<\/div>\n\t\t<\/article>\n\t\t\t\t<article class=\"hfe-post-card\">\n\t\t\t\t\t\t\t<div class=\"hfe-post-image\">\n\t\t\t\t\t<a href=\"https:\/\/intersold.fr\/?p=685\" rel=\"bookmark\">\n\t\t\t\t\t\t<img loading=\"lazy\" decoding=\"async\" width=\"150\" height=\"150\" src=\"https:\/\/intersold.fr\/wp-content\/uploads\/2024\/09\/jeremylib_a_warehouse_with_ecological_products_-v_6.1_deeb996e-6e09-4b77-9491-96ab11d1baa9-150x150.png\" class=\"attachment-thumbnail size-thumbnail wp-post-image\" alt=\"La Mont\u00e9e en Puissance du Produit Personnalis\u00e9\" loading=\"lazy\" srcset=\"https:\/\/intersold.fr\/wp-content\/uploads\/2024\/09\/jeremylib_a_warehouse_with_ecological_products_-v_6.1_deeb996e-6e09-4b77-9491-96ab11d1baa9-150x150.png 150w, https:\/\/intersold.fr\/wp-content\/uploads\/2024\/09\/jeremylib_a_warehouse_with_ecological_products_-v_6.1_deeb996e-6e09-4b77-9491-96ab11d1baa9-300x300.png 300w, https:\/\/intersold.fr\/wp-content\/uploads\/2024\/09\/jeremylib_a_warehouse_with_ecological_products_-v_6.1_deeb996e-6e09-4b77-9491-96ab11d1baa9-768x768.png 768w, https:\/\/intersold.fr\/wp-content\/uploads\/2024\/09\/jeremylib_a_warehouse_with_ecological_products_-v_6.1_deeb996e-6e09-4b77-9491-96ab11d1baa9.png 1024w\" sizes=\"(max-width: 150px) 100vw, 150px\" \/>\t\t\t\t\t<\/a>\n\t\t\t\t<\/div>\n\t\t\t\n\t\t\t<div class=\"hfe-post-content\">\n\t\t\t\t\t\t\t\t\t<h2 class=\"hfe-post-title\">\n\t\t\t\t\t\t<a href=\"https:\/\/intersold.fr\/?p=685\" rel=\"bookmark\">\n\t\t\t\t\t\t\tLa Mont\u00e9e en Puissance du Produit Personnalis\u00e9\t\t\t\t\t\t<\/a>\n\t\t\t\t\t<\/h2>\n\t\t\t\t\n\t\t\t\t\n\t\t\t\t\n\t\t\t\t\t\t\t<\/div>\n\t\t<\/article>\n\t\t<\/div>\n\t\t\t\t<\/div>\n\t\t\t\t<\/div>\n\t\t\t\t\t<\/div>\n\t\t\t\t<\/div>\n\t\t<div class=\"elementor-element elementor-element-226c62c e-con-full e-flex e-con e-parent\" data-id=\"226c62c\" data-element_type=\"container\" data-e-type=\"container\" data-settings=\"{&quot;background_background&quot;:&quot;classic&quot;}\">\n\t\t<div class=\"elementor-element elementor-element-11140a1 e-con-full e-flex e-con e-child\" data-id=\"11140a1\" data-element_type=\"container\" data-e-type=\"container\">\n\t\t\t\t<div class=\"elementor-element elementor-element-64e0a6a elementor-widget elementor-widget-heading\" data-id=\"64e0a6a\" data-element_type=\"widget\" data-e-type=\"widget\" data-widget_type=\"heading.default\">\n\t\t\t\t<div class=\"elementor-widget-container\">\n\t\t\t\t\t<h2 class=\"elementor-heading-title elementor-size-default\">Une suggestion ou une remarque ? <br>N'h\u00e9sitez pas \u00e0 nous contacter<\/h2>\t\t\t\t<\/div>\n\t\t\t\t<\/div>\n\t\t\t\t<div class=\"elementor-element elementor-element-d31a894 elementor-widget elementor-widget-text-editor\" data-id=\"d31a894\" data-element_type=\"widget\" data-e-type=\"widget\" data-widget_type=\"text-editor.default\">\n\t\t\t\t<div class=\"elementor-widget-container\">\n\t\t\t\t\t\t\t\t\tContactez Intersod, sp\u00e9cialiste de l\u2019importation et distribution de produits pour la maison et la personne. Experts en permanent et d\u00e9stockage depuis plus de 20 ans, nous sommes \u00e0 votre \u00e9coute pour toute demande d\u2019informations.\n\t\t\t\t\t\t\t\t<\/div>\n\t\t\t\t<\/div>\n\t\t\t\t<div class=\"elementor-element elementor-element-3a82e71 elementor-align-center elementor-widget elementor-widget-button\" data-id=\"3a82e71\" data-element_type=\"widget\" data-e-type=\"widget\" data-widget_type=\"button.default\">\n\t\t\t\t<div class=\"elementor-widget-container\">\n\t\t\t\t\t\t\t\t\t<div class=\"elementor-button-wrapper\">\n\t\t\t\t\t<a class=\"elementor-button elementor-button-link elementor-size-sm\" href=\"https:\/\/intersold.fr\/?page_id=338\">\n\t\t\t\t\t\t<span class=\"elementor-button-content-wrapper\">\n\t\t\t\t\t\t\t\t\t<span class=\"elementor-button-text\">Contact<\/span>\n\t\t\t\t\t<\/span>\n\t\t\t\t\t<\/a>\n\t\t\t\t<\/div>\n\t\t\t\t\t\t\t\t<\/div>\n\t\t\t\t<\/div>\n\t\t\t\t<\/div>\n\t\t\t\t<\/div>\n\t\t<div class=\"elementor-element elementor-element-54096f6 e-con-full e-flex e-con e-parent\" data-id=\"54096f6\" data-element_type=\"container\" data-e-type=\"container\">\n\t\t<div class=\"elementor-element elementor-element-a59c73f e-con-full e-flex e-con e-child\" data-id=\"a59c73f\" data-element_type=\"container\" data-e-type=\"container\">\n\t\t\t\t<div class=\"elementor-element elementor-element-14a2240 elementor-widget elementor-widget-heading\" data-id=\"14a2240\" data-element_type=\"widget\" data-e-type=\"widget\" data-widget_type=\"heading.default\">\n\t\t\t\t<div class=\"elementor-widget-container\">\n\t\t\t\t\t<h2 class=\"elementor-heading-title elementor-size-default\">Nos licences :<\/h2>\t\t\t\t<\/div>\n\t\t\t\t<\/div>\n\t\t\t\t<\/div>\n\t\t\t\t<\/div>\n\t\t<div class=\"elementor-element elementor-element-5d09c2b e-con-full e-flex e-con e-parent\" data-id=\"5d09c2b\" data-element_type=\"container\" data-e-type=\"container\">\n\t\t<div class=\"elementor-element elementor-element-386c99d e-con-full e-flex e-con e-child\" data-id=\"386c99d\" data-element_type=\"container\" data-e-type=\"container\" data-settings=\"{&quot;background_background&quot;:&quot;classic&quot;}\">\n\t\t\t\t<div class=\"elementor-element elementor-element-ccede47 elementor-position-left elementor-vertical-align-middle elementor-widget elementor-widget-image-box\" data-id=\"ccede47\" data-element_type=\"widget\" data-e-type=\"widget\" data-widget_type=\"image-box.default\">\n\t\t\t\t<div class=\"elementor-widget-container\">\n\t\t\t\t\t<div class=\"elementor-image-box-wrapper\"><figure class=\"elementor-image-box-img\"><img fetchpriority=\"high\" decoding=\"async\" width=\"1024\" height=\"879\" src=\"https:\/\/intersold.fr\/wp-content\/uploads\/2024\/09\/Group-63-1024x879-1.png\" class=\"attachment-full size-full wp-image-173\" alt=\"\" srcset=\"https:\/\/intersold.fr\/wp-content\/uploads\/2024\/09\/Group-63-1024x879-1.png 1024w, https:\/\/intersold.fr\/wp-content\/uploads\/2024\/09\/Group-63-1024x879-1-300x258.png 300w, https:\/\/intersold.fr\/wp-content\/uploads\/2024\/09\/Group-63-1024x879-1-768x659.png 768w\" sizes=\"(max-width: 1024px) 100vw, 1024px\" \/><\/figure><div class=\"elementor-image-box-content\"><h3 class=\"elementor-image-box-title\">Revalorisation des stocks <\/h3><p class=\"elementor-image-box-description\">Intersod excelle dans l'achat de surstocks, fins de s\u00e9ries, et invendus pour les transformer en opportunit\u00e9s commerciales<\/p><\/div><\/div>\t\t\t\t<\/div>\n\t\t\t\t<\/div>\n\t\t\t\t<\/div>\n\t\t<div class=\"elementor-element elementor-element-4274a28 e-con-full e-flex e-con e-child\" data-id=\"4274a28\" data-element_type=\"container\" data-e-type=\"container\" data-settings=\"{&quot;background_background&quot;:&quot;classic&quot;}\">\n\t\t\t\t<div class=\"elementor-element elementor-element-27abbcd elementor-position-left elementor-vertical-align-middle elementor-widget elementor-widget-image-box\" data-id=\"27abbcd\" data-element_type=\"widget\" data-e-type=\"widget\" data-widget_type=\"image-box.default\">\n\t\t\t\t<div class=\"elementor-widget-container\">\n\t\t\t\t\t<div class=\"elementor-image-box-wrapper\"><figure class=\"elementor-image-box-img\"><img decoding=\"async\" width=\"586\" height=\"474\" src=\"https:\/\/intersold.fr\/wp-content\/uploads\/2024\/09\/Frame-31.png\" class=\"attachment-full size-full wp-image-225\" alt=\"\" srcset=\"https:\/\/intersold.fr\/wp-content\/uploads\/2024\/09\/Frame-31.png 586w, https:\/\/intersold.fr\/wp-content\/uploads\/2024\/09\/Frame-31-300x243.png 300w\" sizes=\"(max-width: 586px) 100vw, 586px\" \/><\/figure><div class=\"elementor-image-box-content\"><h3 class=\"elementor-image-box-title\">Importation de produits <\/h3><p class=\"elementor-image-box-description\">En tant qu'importateur exp\u00e9riment\u00e9, Intersod s\u00e9lectionne des produits phares et innovants <\/p><\/div><\/div>\t\t\t\t<\/div>\n\t\t\t\t<\/div>\n\t\t\t\t<\/div>\n\t\t<div class=\"elementor-element elementor-element-ecb6943 e-con-full e-flex e-con e-child\" data-id=\"ecb6943\" data-element_type=\"container\" data-e-type=\"container\" data-settings=\"{&quot;background_background&quot;:&quot;classic&quot;}\">\n\t\t\t\t<div class=\"elementor-element elementor-element-9e17f94 elementor-position-left elementor-vertical-align-middle elementor-widget elementor-widget-image-box\" data-id=\"9e17f94\" data-element_type=\"widget\" data-e-type=\"widget\" data-widget_type=\"image-box.default\">\n\t\t\t\t<div class=\"elementor-widget-container\">\n\t\t\t\t\t<div class=\"elementor-image-box-wrapper\"><figure class=\"elementor-image-box-img\"><img decoding=\"async\" width=\"1024\" height=\"879\" src=\"https:\/\/intersold.fr\/wp-content\/uploads\/2024\/09\/Group-72-1-1024x879-1.png\" class=\"attachment-full size-full wp-image-226\" alt=\"\" srcset=\"https:\/\/intersold.fr\/wp-content\/uploads\/2024\/09\/Group-72-1-1024x879-1.png 1024w, https:\/\/intersold.fr\/wp-content\/uploads\/2024\/09\/Group-72-1-1024x879-1-300x258.png 300w, https:\/\/intersold.fr\/wp-content\/uploads\/2024\/09\/Group-72-1-1024x879-1-768x659.png 768w\" sizes=\"(max-width: 1024px) 100vw, 1024px\" \/><\/figure><div class=\"elementor-image-box-content\"><h2 class=\"elementor-image-box-title\">Personnalisation et adaptation <\/h2><p class=\"elementor-image-box-description\">Chez Intersod, nous comprenons l'importance de s'adapter \u00e0 chaque client. En savoir plus sur nos m\u00e9thodes<\/p><\/div><\/div>\t\t\t\t<\/div>\n\t\t\t\t<\/div>\n\t\t\t\t<\/div>\n\t\t\t\t<\/div>\n\t\t\t\t<\/div>\n\t\t","protected":false},"excerpt":{"rendered":"<p>Blog et actualit\u00e9 D\u00e9couvrez Intersod, expert en importation et distribution de produits pour l&#8217;\u00e9quipement de la maison et de la personne. Sp\u00e9cialiste du permanent et du d\u00e9stockage depuis plus de 20 ans, au service de vos besoins Gestion du temps au travail L&#8217;Import-Export \u00c9co-Responsable L&#8217;importance d&#8217;utiliser un CRM pour une entreprise d&#8217;import-export La Mont\u00e9e en [&hellip;]<\/p>\n","protected":false},"author":1,"featured_media":0,"parent":0,"menu_order":0,"comment_status":"closed","ping_status":"closed","template":"","meta":{"footnotes":""},"class_list":["post-688","page","type-page","status-publish","hentry"],"yoast_head":"<!-- This site is optimized with the Yoast SEO plugin v23.5 - https:\/\/yoast.com\/wordpress\/plugins\/seo\/ -->\n<title>Blog - Intersold<\/title>\n<meta name=\"robots\" content=\"index, follow, max-snippet:-1, max-image-preview:large, max-video-preview:-1\" \/>\n<link rel=\"canonical\" href=\"https:\/\/intersold.fr\/?page_id=688\" \/>\n<meta property=\"og:locale\" content=\"en_US\" \/>\n<meta property=\"og:type\" content=\"article\" \/>\n<meta property=\"og:title\" content=\"Blog - Intersold\" \/>\n<meta property=\"og:description\" content=\"Blog et actualit\u00e9 D\u00e9couvrez Intersod, expert en importation et distribution de produits pour l&#8217;\u00e9quipement de la maison et de la personne. Sp\u00e9cialiste du permanent et du d\u00e9stockage depuis plus de 20 ans, au service de vos besoins Gestion du temps au travail L&#8217;Import-Export \u00c9co-Responsable L&#8217;importance d&#8217;utiliser un CRM pour une entreprise d&#8217;import-export La Mont\u00e9e en [&hellip;]\" \/>\n<meta property=\"og:url\" content=\"https:\/\/intersold.fr\/?page_id=688\" \/>\n<meta property=\"og:site_name\" content=\"Intersold\" \/>\n<meta property=\"article:modified_time\" content=\"2026-04-13T09:27:54+00:00\" \/>\n<meta property=\"og:image\" content=\"https:\/\/intersold.fr\/wp-content\/uploads\/2025\/02\/Agence-Pulse-Creative-Team-150x150.png\" \/>\n<meta name=\"twitter:card\" content=\"summary_large_image\" \/>\n<meta name=\"twitter:label1\" content=\"Est. reading time\" \/>\n\t<meta name=\"twitter:data1\" content=\"3 minutes\" \/>\n<script type=\"application\/ld+json\" class=\"yoast-schema-graph\">{\"@context\":\"https:\/\/schema.org\",\"@graph\":[{\"@type\":\"WebPage\",\"@id\":\"https:\/\/intersold.fr\/?page_id=688\",\"url\":\"https:\/\/intersold.fr\/?page_id=688\",\"name\":\"Blog - Intersold\",\"isPartOf\":{\"@id\":\"https:\/\/intersold.fr\/#website\"},\"primaryImageOfPage\":{\"@id\":\"https:\/\/intersold.fr\/?page_id=688#primaryimage\"},\"image\":{\"@id\":\"https:\/\/intersold.fr\/?page_id=688#primaryimage\"},\"thumbnailUrl\":\"https:\/\/intersold.fr\/wp-content\/uploads\/2025\/02\/Agence-Pulse-Creative-Team-150x150.png\",\"datePublished\":\"2024-09-26T21:23:45+00:00\",\"dateModified\":\"2026-04-13T09:27:54+00:00\",\"breadcrumb\":{\"@id\":\"https:\/\/intersold.fr\/?page_id=688#breadcrumb\"},\"inLanguage\":\"en-US\",\"potentialAction\":[{\"@type\":\"ReadAction\",\"target\":[\"https:\/\/intersold.fr\/?page_id=688\"]}]},{\"@type\":\"ImageObject\",\"inLanguage\":\"en-US\",\"@id\":\"https:\/\/intersold.fr\/?page_id=688#primaryimage\",\"url\":\"https:\/\/intersold.fr\/wp-content\/uploads\/2025\/02\/Agence-Pulse-Creative-Team.png\",\"contentUrl\":\"https:\/\/intersold.fr\/wp-content\/uploads\/2025\/02\/Agence-Pulse-Creative-Team.png\",\"width\":480,\"height\":610,\"caption\":\"Gestion du temps au travail\"},{\"@type\":\"BreadcrumbList\",\"@id\":\"https:\/\/intersold.fr\/?page_id=688#breadcrumb\",\"itemListElement\":[{\"@type\":\"ListItem\",\"position\":1,\"name\":\"Home\",\"item\":\"https:\/\/intersold.fr\/\"},{\"@type\":\"ListItem\",\"position\":2,\"name\":\"Blog\"}]},{\"@type\":\"WebSite\",\"@id\":\"https:\/\/intersold.fr\/#website\",\"url\":\"https:\/\/intersold.fr\/\",\"name\":\"Intersold\",\"description\":\"Le sp\u00e9cialiste du permanent\",\"publisher\":{\"@id\":\"https:\/\/intersold.fr\/#organization\"},\"potentialAction\":[{\"@type\":\"SearchAction\",\"target\":{\"@type\":\"EntryPoint\",\"urlTemplate\":\"https:\/\/intersold.fr\/?s={search_term_string}\"},\"query-input\":{\"@type\":\"PropertyValueSpecification\",\"valueRequired\":true,\"valueName\":\"search_term_string\"}}],\"inLanguage\":\"en-US\"},{\"@type\":\"Organization\",\"@id\":\"https:\/\/intersold.fr\/#organization\",\"name\":\"Intersold\",\"url\":\"https:\/\/intersold.fr\/\",\"logo\":{\"@type\":\"ImageObject\",\"inLanguage\":\"en-US\",\"@id\":\"https:\/\/intersold.fr\/#\/schema\/logo\/image\/\",\"url\":\"https:\/\/intersold.fr\/wp-content\/uploads\/2024\/09\/cropped-cropped-INTERSOLD-LOGO.jpg\",\"contentUrl\":\"https:\/\/intersold.fr\/wp-content\/uploads\/2024\/09\/cropped-cropped-INTERSOLD-LOGO.jpg\",\"width\":512,\"height\":443,\"caption\":\"Intersold\"},\"image\":{\"@id\":\"https:\/\/intersold.fr\/#\/schema\/logo\/image\/\"}}]}<\/script>\n<!-- \/ Yoast SEO plugin. -->","yoast_head_json":{"title":"Blog - Intersold","robots":{"index":"index","follow":"follow","max-snippet":"max-snippet:-1","max-image-preview":"max-image-preview:large","max-video-preview":"max-video-preview:-1"},"canonical":"https:\/\/intersold.fr\/?page_id=688","og_locale":"en_US","og_type":"article","og_title":"Blog - Intersold","og_description":"Blog et actualit\u00e9 D\u00e9couvrez Intersod, expert en importation et distribution de produits pour l&#8217;\u00e9quipement de la maison et de la personne. Sp\u00e9cialiste du permanent et du d\u00e9stockage depuis plus de 20 ans, au service de vos besoins Gestion du temps au travail L&#8217;Import-Export \u00c9co-Responsable L&#8217;importance d&#8217;utiliser un CRM pour une entreprise d&#8217;import-export La Mont\u00e9e en [&hellip;]","og_url":"https:\/\/intersold.fr\/?page_id=688","og_site_name":"Intersold","article_modified_time":"2026-04-13T09:27:54+00:00","og_image":[{"url":"https:\/\/intersold.fr\/wp-content\/uploads\/2025\/02\/Agence-Pulse-Creative-Team-150x150.png"}],"twitter_card":"summary_large_image","twitter_misc":{"Est. reading time":"3 minutes"},"schema":{"@context":"https:\/\/schema.org","@graph":[{"@type":"WebPage","@id":"https:\/\/intersold.fr\/?page_id=688","url":"https:\/\/intersold.fr\/?page_id=688","name":"Blog - Intersold","isPartOf":{"@id":"https:\/\/intersold.fr\/#website"},"primaryImageOfPage":{"@id":"https:\/\/intersold.fr\/?page_id=688#primaryimage"},"image":{"@id":"https:\/\/intersold.fr\/?page_id=688#primaryimage"},"thumbnailUrl":"https:\/\/intersold.fr\/wp-content\/uploads\/2025\/02\/Agence-Pulse-Creative-Team-150x150.png","datePublished":"2024-09-26T21:23:45+00:00","dateModified":"2026-04-13T09:27:54+00:00","breadcrumb":{"@id":"https:\/\/intersold.fr\/?page_id=688#breadcrumb"},"inLanguage":"en-US","potentialAction":[{"@type":"ReadAction","target":["https:\/\/intersold.fr\/?page_id=688"]}]},{"@type":"ImageObject","inLanguage":"en-US","@id":"https:\/\/intersold.fr\/?page_id=688#primaryimage","url":"https:\/\/intersold.fr\/wp-content\/uploads\/2025\/02\/Agence-Pulse-Creative-Team.png","contentUrl":"https:\/\/intersold.fr\/wp-content\/uploads\/2025\/02\/Agence-Pulse-Creative-Team.png","width":480,"height":610,"caption":"Gestion du temps au travail"},{"@type":"BreadcrumbList","@id":"https:\/\/intersold.fr\/?page_id=688#breadcrumb","itemListElement":[{"@type":"ListItem","position":1,"name":"Home","item":"https:\/\/intersold.fr\/"},{"@type":"ListItem","position":2,"name":"Blog"}]},{"@type":"WebSite","@id":"https:\/\/intersold.fr\/#website","url":"https:\/\/intersold.fr\/","name":"Intersold","description":"Le sp\u00e9cialiste du permanent","publisher":{"@id":"https:\/\/intersold.fr\/#organization"},"potentialAction":[{"@type":"SearchAction","target":{"@type":"EntryPoint","urlTemplate":"https:\/\/intersold.fr\/?s={search_term_string}"},"query-input":{"@type":"PropertyValueSpecification","valueRequired":true,"valueName":"search_term_string"}}],"inLanguage":"en-US"},{"@type":"Organization","@id":"https:\/\/intersold.fr\/#organization","name":"Intersold","url":"https:\/\/intersold.fr\/","logo":{"@type":"ImageObject","inLanguage":"en-US","@id":"https:\/\/intersold.fr\/#\/schema\/logo\/image\/","url":"https:\/\/intersold.fr\/wp-content\/uploads\/2024\/09\/cropped-cropped-INTERSOLD-LOGO.jpg","contentUrl":"https:\/\/intersold.fr\/wp-content\/uploads\/2024\/09\/cropped-cropped-INTERSOLD-LOGO.jpg","width":512,"height":443,"caption":"Intersold"},"image":{"@id":"https:\/\/intersold.fr\/#\/schema\/logo\/image\/"}}]}},"_links":{"self":[{"href":"https:\/\/intersold.fr\/index.php?rest_route=\/wp\/v2\/pages\/688"}],"collection":[{"href":"https:\/\/intersold.fr\/index.php?rest_route=\/wp\/v2\/pages"}],"about":[{"href":"https:\/\/intersold.fr\/index.php?rest_route=\/wp\/v2\/types\/page"}],"author":[{"embeddable":true,"href":"https:\/\/intersold.fr\/index.php?rest_route=\/wp\/v2\/users\/1"}],"replies":[{"embeddable":true,"href":"https:\/\/intersold.fr\/index.php?rest_route=%2Fwp%2Fv2%2Fcomments&post=688"}],"version-history":[{"count":37,"href":"https:\/\/intersold.fr\/index.php?rest_route=\/wp\/v2\/pages\/688\/revisions"}],"predecessor-version":[{"id":878,"href":"https:\/\/intersold.fr\/index.php?rest_route=\/wp\/v2\/pages\/688\/revisions\/878"}],"wp:attachment":[{"href":"https:\/\/intersold.fr\/index.php?rest_route=%2Fwp%2Fv2%2Fmedia&parent=688"}],"curies":[{"name":"wp","href":"https:\/\/api.w.org\/{rel}","templated":true}]}}